 13, what is -c74a1 + 161?
-c7340
In base 7, what is -304 + 3421544?
3421240
In base 14, what is -5 + 557375c?
5573757
In base 16, what is -45e33 - af?
-45ee2
In base 11, what is 4 - 91a1453?
-91a144a
In base 12, what is 296a48 - -53?
296a9b
In base 15, what is -3752 - -cbd?
-2984
In base 7, what is 2 - -131441052?
131441054
In base 12, what is 5343054 - -7?
534305b
In base 9, what is -1504 + -17203?
-18707
In base 8, what is -14 + -464432?
-464446
In base 14, what is 3 + -38bb1dc?
-38bb1d9
In base 11, what is -20a126a + -39?
-20a12a8
In base 2, what is 1111100001 + -10010110110?
-11010101
In base 7, what is 1545335 - 253?
1545052
In base 10, what is -62812199 - -1?
-62812198
In base 15, what is 2b3e80 + 0?
2b3e80
In base 10, what is -191537 - 120?
-191657
In base 14, what is -47603c9 + 0?
-47603c9
In base 10, what is 775 - 5654?
-4879
In base 4, what is 2033 + 1010333220?
1011001313
In base 6, what is -2323 - 2110?
-4433
In base 2, what is 101101101011110110 + -10100111?
101101101001001111
In base 5, what is -10022 - 24224344?
-24234421
In base 12, what is -161bb + 645?
-15776
In base 7, what is 14562 - -2650?
20542
In base 14, what is 8 + -6103c9?
-6103c1
In base 8, what is 20076 - 2?
20074
In base 10, what is 8091082 - 4?
8091078
In base 6, what is 505012 - -12450?
521502
In base 12, what is 1189 - -379b?
4968
In base 13, what is b66 - 3529?
-2693
In base 9, what is 5771053 - -221?
5771274
In base 13, what is -1 + 54380bb?
54380ba
In base 3, what is 222002122222100 - -2?
222002122222102
In base 16, what is -3 + e35638?
e35635
In base 11, what is -10a40aa67 + 1?
-10a40aa66
In base 4, what is -122320 - 211020131?
-211203111
In base 16, what is -2331c66 - -d?
-2331c59
In base 15, what is -4 - -13d8252?
13d824d
In base 4, what is -3133310 - -2102?
-3131202
In base 14, what is 7a - -573986?
573a22
In base 16, what is -188 + -3755?
-38dd
In base 16, what is -4bf4 - cc8?
-58bc
In base 4, what is -3331231002 - 2?
-3331231010
In base 15, what is -172 - 7e4b?
-80bd
In base 5, what is 4 - -1043321414?
1043321423
In base 4, what is -2020111131 + -30?
-2020111221
In base 5, what is -11 + 2340140131?
2340140120
In base 10, what is 15 + 2736297?
2736312
In base 11, what is 3 + -a77983?
-a77980
In base 14, what is -702c3c + -26?
-702c64
In base 2, what is -11111000101011010001001110 - 101?
-11111000101011010001010011
In base 8, what is -54472 + 7013?
-45457
In base 7, what is 31436 + 6543?
41312
In base 16, what is 20e52d29 - -1?
20e52d2a
In base 4, what is 2120033 + 1222301?
10003000
In base 13, what is 8717 + -a53?
7994
In base 4, what is 20113210332 + 3?
20113211001
In base 11, what is -789 - -9650?
8972
In base 8, what is 3256 - 2314?
742
In base 9, what is 46 - -64872?
65028
In base 16, what is 409 + -438b6?
-434ad
In base 15, what is -8 + -25095b?
-250964
In base 5, what is 4 + -401240213?
-401240204
In base 10, what is -5919329 - -2?
-5919327
In base 15, what is -827 + -1d1?
-a08
In base 16, what is -2c1 - -7994?
76d3
In base 15, what is 1 - -380c50?
380c51
In base 3, what is 21 + -11110210221101220?
-11110210221101122
In base 15, what is 3bc17c6 + -4?
3bc17c2
In base 4, what is 102 - 10033202220?
-10033202112
In base 9, what is -78 + -8118146?
-8118235
In base 6, what is 334031 + -44343?
245244
In base 7, what is 2 + -3401511624?
-3401511622
In base 8, what is 10071121 + 0?
10071121
In base 14, what is -975a32 + -1?
-975a33
In base 6, what is -150054 + 2120?
-143534
In base 9, what is 20510000 - -8?
20510008
In base 10, what is -413 - -1948294?
1947881
In base 6, what is 4 - 155025104?
-155025100
In base 12, what is -1 - 1234b77?
-1234b78
In base 5, what is 201034012 - -21?
201034033
In base 4, what is -332311223233 + 11?
-332311223222
In base 16, what is 215a + -282?
1ed8
In base 6, what is -15 - 20112340500?
-20112340515
In base 3, what is -201112000111 - -1020102?
-201110210002
In base 15, what is -aeb413 + 4?
-aeb40e
In base 3, what is -11 - -112102002220021?
112102002220010
In base 13, what is 3445c2 + 21?
344613
In base 2, what is 11011101111110100 - 100001?
11011101111010011
In base 16, what is -1af236 + 2?
-1af234
In base 14, what is -7d22 - -64?
-7c9c
In base 16, what is -9d8 + -1cb7?
-268f
In base 13, what is 21 - 761bb?
-7619a
In base 14, what is -19 + 3cc1c6?
3cc1ab
In base 7, what is 6202541525 - -2?
6202541530
In base 7, what is -3 - -12204542?
12204536
In base 14, what is 752475 - 29?
75244a
In base 2, what is -1011 + -110010011111101110111110?
-110010011111101111001001
In base 2, what is 11 + -1000001000111000010101?
-1000001000111000010010
In base 16, what is 9c + 8d65?
8e01
In base 2, what is 1000101011011000000 + -1000?
1000101011010111000
In base 10, what is -75 - 37509?
-37584
In base 5, what is 203130303 + -4?
203130244
In base 2, what is 101110101011000110001000 + -100?
101110101011000110000100
In base 5, what is 120224433 - 3?
120224430
In base 4, what is -33100 - 10302011?
-11001111
In base 3, what is -220122122122 - 111?
-220122200010
In base 4, what is -1300320 + -12212200?
-20113120
In base 9, what is 4 + 481744611?
481744615
In base 14, what is bb271 + 2ad?
bb540
In base 8, what is 27360600 + 1?
27360601
In base 15, what is -396 + a2de?
9e48
In base 16, what is 428 + 9319e?
935c6
In base 7, what is 160306221 - 52?
160306136
In base 7, what is 4600 - 513423?
-505523
In base 13, what is -1b31c9 - 16?
-1b3212
In base 3, what is -22021201 + 2001021010?
1201222102
In base 2, what is 1001101001 - -110101110101111010?
110101111111100011
In base 15, what is 9 - -2b4c87d?
2b4c887
In base 9, what is 5 + 2280382?
2280387
In base 6, what is -403 - -1133305?
1132502
In base 16, what is 348 - -1c3e4?
1c72c
In base 3, what is -11 + -2121221022000?
-2121221022011
In base 10, what is 382401 + 4?
382405
In base 9, what is 11470 + 7315?
18785
In base 5, what is 24204010 + -120?
24203340
In base 14, what is 308 - 4444?
-413a
In base 16, what is c734f + -8?
c7347
In base 16, what is -4b + 322c8?
3227d
In base 13, what is 2b - 438863?
-438835
In base 4, what is 313 - -111310100?
111311013
In base 8, what is 7175062 - -11?
7175073
In base 11, what is -8751 - -214?
-8538
In base 5, what is -10402412140 - 3?
-10402412143
In base 4, what is -200012202110 + 1?
-200012202103
In base 15, what is -edde41 - -2?
-edde3e
In base 7, what is -3631055201 - -5?
-3631055163
In base 9, what is 1 + 4406460?
4406461
In base 8, what is 0 - -21013315?
21013315
In base 13, what is 49b5 - -95?
4a7a
In base 3, what is 111222120 + 2001222?
121001112
In base 3, what is 12022221122 + -2002?
12022212120
In base 5, what is 140434230 - -1?
140434231
In base 15, what is -20 - 4a84e?
-4a86e
In base 11, what is 30123 + -450?
2a783
In base 11, what is -2579 - -1376?
-1203
In base 3, what is -2202010 + 10212221?
1010211
In base 9, what is 2530 - -11275?
13815
In base 13, what is -8 + -38c689?
-38c694
In base 14, what is 77612 + -9d?
77553
In base 14, what is da5c62 + -4?
da5c5c
In base 11, what is 3185013 - -2?
3185015
In base 4, what is 11 + -3001200313?
-3001200302
In base 13, what is -12 - -326010?
325ccb
In base 6, what is 1 - 21354120?
-21354115
In base 11, what is 4a9a24 - 37?
4a9998
In base 8, what is 26035176 - 5?
26035171
In base 2, what is -1010010 - -110000001101100100?
110000001100010010
In base 10, what is 18770 + -5181?
13589
In base 8, what is 37541 - -3050?
42611
In base 3, what is -202 - 2122121122001?
-2122121122210
In base 2, what is 11011100010 + 10101110101000?
11001010001010
In base 10, what is 1536 - 50294?
-48758
In base 7, what is 10102610242 + 5?
10102610250
In base 8, what is 2 - 10605252?
-10605250
In base 11, what is -86695 + -71?
-86756
In base 5, what is -3313 + -11032412?
-11041230
In base 8, what is 34166026 + -6?
34166020
In base 15, what is 5e42 + -773?
56be
In base 4, what is 130102210130111 - 11?
130102210130100
In base 8, what is -623 + 162510?
161665
In base 9, what is 26445 + -255?
26180
In base 9, what is -345183 + -806?
-346100
In base 4, what is -1123 - -101130021?
101122232
In base 7, what is -52 + -2542042?
-2542124
In base 13, what is -263940 - 17?
-263957
In base 4, what is 30312213 + -133030?
30113123
In base 5, what is -4422330213 + -10?
-4422330223
In base 16, what is 5b9b8 + 51?
5ba09
In base 5, what is 22143112 + 3032?
